{"id":2,"date":"2024-02-16T16:36:08","date_gmt":"2024-02-16T16:36:08","guid":{"rendered":"https:\/\/artofefficiency.hu\/?page_id=2"},"modified":"2025-01-22T20:47:54","modified_gmt":"2025-01-22T19:47:54","slug":"sample-page","status":"publish","type":"page","link":"https:\/\/artofefficiency.hu\/","title":{"rendered":"Art of Efficiency"},"content":{"rendered":"\n<p>Az Art of Efficiency hisz abban, hogy a <strong>hat\u00e9kony m\u0171k\u00f6d\u00e9s a siker kulcsa<\/strong>. Tan\u00e1csad\u00f3k\u00e9nt f\u0151 tev\u00e9kenys\u00e9g\u00fcnk, parnerink hat\u00e9konys\u00e1g\u00e1nak n\u00f6vel\u00e9se az \u00e9rt\u00e9kes\u00edt\u00e9s, az ell\u00e1t\u00e1si l\u00e1nc, a termel\u00e9s \u00e9s a logisztika ter\u00fclet\u00e9n. Tapasztalt csaptunk sz\u00e9les k\u00f6r\u0171 ipar\u00e1gi ismeretekkel rendelkezik, hogy seg\u00edts\u00fcnk a k\u00fcl\u00f6nb\u00f6z\u0151 m\u00e9ret\u0171 v\u00e1llalkoz\u00e1soknak optimaliz\u00e1lni folyamataikat, cs\u00f6kkenteni k\u00f6lts\u00e9geiket \u00e9s jav\u00edtani teljes\u00edtm\u00e9ny\u00fcket.<\/p>\n\n\n\n<p>Ak\u00e1r az \u00e9rt\u00e9kes\u00edt\u00e9si strat\u00e9gi\u00e1j\u00e1t szeretn\u00e9 finomhangolni, az ell\u00e1t\u00e1si l\u00e1nc menedzsmentet jav\u00edtani, a termel\u00e9si hat\u00e9konys\u00e1got n\u00f6velni, vagy hat\u00e9konyabb logisztikai keretet kialak\u00edtani, mi testreszabott megold\u00e1sokat k\u00edn\u00e1lunk, amelyek megfelelnek az \u00d6n egyedi ig\u00e9nyeinek. Elk\u00f6telezettek vagyunk abban, hogy m\u00e9rhet\u0151 eredm\u00e9nyeket sz\u00e1ll\u00edtsunk, amelyek hossz\u00fa t\u00e1v\u00fa n\u00f6veked\u00e9st \u00e9s fenntarthat\u00f3 sikert hoznak.<\/p>\n\n\n\n<p>Megk\u00f6zel\u00edt\u00e9s\u00fcnk egy\u00fcttm\u0171k\u00f6d\u0151 \u00e9s \u00fcgyf\u00e9lk\u00f6zpont\u00fa, biztos\u00edtva, hogy m\u00e9lyen meg\u00e9rts\u00fck az \u00d6n kih\u00edv\u00e1sait \u00e9s c\u00e9ljait. Az Art of Efficiency partnerek\u00e9nt biztos lehet benne, hogy v\u00e1llalkoz\u00e1s\u00e1nak minden aspektus\u00e1t a maxim\u00e1lis hat\u00e9konys\u00e1g \u00e9s nyeres\u00e9gess\u00e9g \u00e9rdek\u00e9ben fogjuk finom\u00edtani.<\/p>\n\n\n\n<h2 class=\"wp-block-heading has-x-large-font-size\">K\u00fcldet\u00e9s\u00fcnk<\/h2>\n\n\n\n<p class=\"has-medium-font-size\">Hogy v\u00e1llalkoz\u00e1sokat t\u00e1mogassunk szak\u00e9rt\u0151i tan\u00e1csad\u00e1ssal, amely optimaliz\u00e1lja m\u0171k\u00f6d\u00e9s\u00fcket \u00e9s fenntarthat\u00f3 sikert eredm\u00e9nyez.<\/p>\n\n\n\n<h2 class=\"wp-block-heading\">J\u00f6v\u0151k\u00e9p\u00fcnk<\/h2>\n\n\n\n<p>Hogy az els\u0151 sz\u00e1m\u00fa partner legy\u00fcnk azok sz\u00e1m\u00e1ra, akik operat\u00edv kiv\u00e1l\u00f3s\u00e1got \u00e9s hat\u00e9konys\u00e1got szeretn\u00e9nek el\u00e9rni egy gyorsan v\u00e1ltoz\u00f3 \u00fczleti k\u00f6rnyezetben.<\/p>\n\n\n\n<p><\/p>\n\n\n\n<p><\/p>\n\n\n\n<p><\/p>\n\n\n\n<p><\/p>\n","protected":false},"excerpt":{"rendered":"<p>Az Art of Efficiency hisz abban, hogy a hat\u00e9kony m\u0171k\u00f6d\u00e9s a siker kulcsa. Tan\u00e1csad\u00f3k\u00e9nt f\u0151 tev\u00e9kenys\u00e9g\u00fcnk, parnerink hat\u00e9konys\u00e1g\u00e1nak n\u00f6vel\u00e9se az \u00e9rt\u00e9kes\u00edt\u00e9s, az ell\u00e1t\u00e1si l\u00e1nc, a termel\u00e9s \u00e9s a logisztika ter\u00fclet\u00e9n. Tapasztalt csaptunk sz\u00e9les k\u00f6r\u0171 ipar\u00e1gi ismeretekkel rendelkezik, hogy seg\u00edts\u00fcnk a k\u00fcl\u00f6nb\u00f6z\u0151 m\u00e9ret\u0171 v\u00e1llalkoz\u00e1soknak optimaliz\u00e1lni folyamataikat, cs\u00f6kkenteni k\u00f6lts\u00e9geiket \u00e9s jav\u00edtani teljes\u00edtm\u00e9ny\u00fcket. Ak\u00e1r az \u00e9rt\u00e9kes\u00edt\u00e9si strat\u00e9gi\u00e1j\u00e1t szeretn\u00e9 [&hellip;]<\/p>\n","protected":false},"author":1,"featured_media":0,"parent":0,"menu_order":0,"comment_status":"closed","ping_status":"open","template":"","meta":{"footnotes":""},"class_list":["post-2","page","type-page","status-publish","hentry"],"_links":{"self":[{"href":"https:\/\/artofefficiency.hu\/index.php?rest_route=\/wp\/v2\/pages\/2","targetHints":{"allow":["GET"]}}],"collection":[{"href":"https:\/\/artofefficiency.hu\/index.php?rest_route=\/wp\/v2\/pages"}],"about":[{"href":"https:\/\/artofefficiency.hu\/index.php?rest_route=\/wp\/v2\/types\/page"}],"author":[{"embeddable":true,"href":"https:\/\/artofefficiency.hu\/index.php?rest_route=\/wp\/v2\/users\/1"}],"replies":[{"embeddable":true,"href":"https:\/\/artofefficiency.hu\/index.php?rest_route=%2Fwp%2Fv2%2Fcomments&post=2"}],"version-history":[{"count":3,"href":"https:\/\/artofefficiency.hu\/index.php?rest_route=\/wp\/v2\/pages\/2\/revisions"}],"predecessor-version":[{"id":32,"href":"https:\/\/artofefficiency.hu\/index.php?rest_route=\/wp\/v2\/pages\/2\/revisions\/32"}],"wp:attachment":[{"href":"https:\/\/artofefficiency.hu\/index.php?rest_route=%2Fwp%2Fv2%2Fmedia&parent=2"}],"curies":[{"name":"wp","href":"https:\/\/api.w.org\/{rel}","templated":true}]}}